{"id":3233,"date":"2016-10-29T00:02:58","date_gmt":"2016-10-29T00:02:58","guid":{"rendered":"http:\/\/www.tvportugal.tv\/portal\/?page_id=3233"},"modified":"2016-10-29T00:04:17","modified_gmt":"2016-10-29T00:04:17","slug":"estatuto-editorial-tv-portugal-televisao-regional","status":"publish","type":"page","link":"https:\/\/www.tvportugal.tv\/portal\/estatuto-editorial-tv-portugal-televisao-regional\/","title":{"rendered":"ESTATUTO EDITORIAL"},"content":{"rendered":"<p>[vc_row][vc_column][vc_column_text]1. A TV PORTUGAL \u00e9 um canal de informa\u00e7\u00e3o independente, pluralista e multim\u00e9dia acess\u00edvel na World Wide Web atrav\u00e9s do endere\u00e7o http:\/\/www.tvportugal.tv\/<\/p>\n<p>2. A TV PORTUGAL tem como objetivos promover informa\u00e7\u00e3o sobre Portugal, dignificando os portugueses, mas promovendo iniciativas interculturais com todos os\u00a0que escolheram Portugal para viver e trabalhar, desde o Leste da Europa ao Oriente e da Am\u00e9rica-latina a \u00c1frica.<\/p>\n<p>3. A TV PORTUGAL contribui para o reconhecimento e a valoriza\u00e7\u00e3o da comunidade em que se insere, encontrando-se aberta \u00e0 participa\u00e7\u00e3o de quem partilhe iguais objetivos<\/p>\n<p>4. A TV PORTUGAL orienta-se pelos princ\u00edpios da independ\u00eancia e diversidade informativa, com observa\u00e7\u00e3o dos valores \u00e9ticos e deontol\u00f3gicos universalmente reconhecidos.<\/p>\n<p>5. A TV PORTUGAL abra\u00e7a o direito \u00e0 liberdade de express\u00e3o mas defendendo a reserva da vida privada dos cidad\u00e3os e rejeitando o sensacionalismo.<\/p>\n<p>6. A TV PORTUGAL repudia a publica\u00e7\u00e3o de informa\u00e7\u00e3o ou coment\u00e1rios discriminat\u00f3rios, sejam xen\u00f3fobos, homof\u00f3bicos, racistas, totalitaristas ou quaisquer outros.<\/p>\n<p>7. A TV PORTUGAL privilegia o di\u00e1logo com os webespetadores, estimulando a sua participa\u00e7\u00e3o, n\u00e3o obstante reservar-se o direito de intervir sempre que julgue necess\u00e1rio, nomeadamente quando se verifique viola\u00e7\u00e3o dos estatutos.<\/p>\n<p>8. A TV PORTUGAL \u00e9 concebida no quadro das defini\u00e7\u00f5es do presente Estatuto Editorial.[\/vc_column_text][\/vc_column][\/vc_row]<\/p>\n","protected":false},"excerpt":{"rendered":"<p>[vc_row][vc_column][vc_column_text]1. A TV PORTUGAL \u00e9 um canal de informa\u00e7\u00e3o independente, pluralista e multim\u00e9dia acess\u00edvel na World Wide Web atrav\u00e9s do endere\u00e7o http:\/\/www.tvportugal.tv\/ 2. A TV PORTUGAL tem como objetivos promover informa\u00e7\u00e3o sobre Portugal, dignificando os portugueses, mas promovendo iniciativas interculturais com todos os\u00a0que escolheram Portugal para viver e trabalhar, desde<span class=\"excerpt-hellip\"> [\u2026]<\/span><\/p>\n","protected":false},"author":1,"featured_media":0,"parent":0,"menu_order":0,"comment_status":"closed","ping_status":"closed","template":"","meta":{"footnotes":""},"class_list":["post-3233","page","type-page","status-publish","hentry"],"yoast_head":"<!-- This site is optimized with the Yoast SEO plugin v27.4 - https:\/\/yoast.com\/product\/yoast-seo-wordpress\/ -->\n<title>ESTATUTO EDITORIAL - TV Portugal - Televis\u00e3o - Cascais - Sintra - Oeiras - Lisboa - Noticias<\/title>\n<meta name=\"robots\" content=\"index, follow, max-snippet:-1, max-image-preview:large, max-video-preview:-1\" \/>\n<link rel=\"canonical\" href=\"https:\/\/www.tvportugal.tv\/portal\/estatuto-editorial-tv-portugal-televisao-regional\/\" \/>\n<meta property=\"og:locale\" content=\"pt_PT\" \/>\n<meta property=\"og:type\" content=\"article\" \/>\n<meta property=\"og:title\" content=\"ESTATUTO EDITORIAL - TV Portugal - Televis\u00e3o - Cascais - Sintra - Oeiras - Lisboa - Noticias\" \/>\n<meta property=\"og:description\" content=\"[vc_row][vc_column][vc_column_text]1. A TV PORTUGAL \u00e9 um canal de informa\u00e7\u00e3o independente, pluralista e multim\u00e9dia acess\u00edvel na World Wide Web atrav\u00e9s do endere\u00e7o http:\/\/www.tvportugal.tv\/ 2. A TV PORTUGAL tem como objetivos promover informa\u00e7\u00e3o sobre Portugal, dignificando os portugueses, mas promovendo iniciativas interculturais com todos os\u00a0que escolheram Portugal para viver e trabalhar, desde [\u2026]\" \/>\n<meta property=\"og:url\" content=\"https:\/\/www.tvportugal.tv\/portal\/estatuto-editorial-tv-portugal-televisao-regional\/\" \/>\n<meta property=\"og:site_name\" content=\"TV Portugal - Televis\u00e3o - Cascais - Sintra - Oeiras - Lisboa - Noticias\" \/>\n<meta property=\"article:modified_time\" content=\"2016-10-29T00:04:17+00:00\" \/>\n<meta name=\"twitter:card\" content=\"summary_large_image\" \/>\n<meta name=\"twitter:label1\" content=\"Tempo estimado de leitura\" \/>\n\t<meta name=\"twitter:data1\" content=\"1 minuto\" \/>\n<script type=\"application\/ld+json\" class=\"yoast-schema-graph\">{\"@context\":\"https:\\\/\\\/schema.org\",\"@graph\":[{\"@type\":\"WebPage\",\"@id\":\"https:\\\/\\\/www.tvportugal.tv\\\/portal\\\/estatuto-editorial-tv-portugal-televisao-regional\\\/\",\"url\":\"https:\\\/\\\/www.tvportugal.tv\\\/portal\\\/estatuto-editorial-tv-portugal-televisao-regional\\\/\",\"name\":\"ESTATUTO EDITORIAL - TV Portugal - Televis\u00e3o - Cascais - Sintra - Oeiras - Lisboa - Noticias\",\"isPartOf\":{\"@id\":\"https:\\\/\\\/www.tvportugal.tv\\\/portal\\\/#website\"},\"datePublished\":\"2016-10-29T00:02:58+00:00\",\"dateModified\":\"2016-10-29T00:04:17+00:00\",\"breadcrumb\":{\"@id\":\"https:\\\/\\\/www.tvportugal.tv\\\/portal\\\/estatuto-editorial-tv-portugal-televisao-regional\\\/#breadcrumb\"},\"inLanguage\":\"pt-PT\",\"potentialAction\":[{\"@type\":\"ReadAction\",\"target\":[\"https:\\\/\\\/www.tvportugal.tv\\\/portal\\\/estatuto-editorial-tv-portugal-televisao-regional\\\/\"]}]},{\"@type\":\"BreadcrumbList\",\"@id\":\"https:\\\/\\\/www.tvportugal.tv\\\/portal\\\/estatuto-editorial-tv-portugal-televisao-regional\\\/#breadcrumb\",\"itemListElement\":[{\"@type\":\"ListItem\",\"position\":1,\"name\":\"In\u00edcio\",\"item\":\"https:\\\/\\\/www.tvportugal.tv\\\/portal\\\/\"},{\"@type\":\"ListItem\",\"position\":2,\"name\":\"ESTATUTO EDITORIAL\"}]},{\"@type\":\"WebSite\",\"@id\":\"https:\\\/\\\/www.tvportugal.tv\\\/portal\\\/#website\",\"url\":\"https:\\\/\\\/www.tvportugal.tv\\\/portal\\\/\",\"name\":\"TV Portugal - Televis\u00e3o - Cascais - Sintra - Oeiras - Lisboa - Noticias\",\"description\":\"Televis\u00e3o Cascais, Televis\u00e3o Estoril, Tv Web com produ\u00e7\u00e3o pr\u00f3pria da Regi\u00e3o de Lisboa, Televis\u00e3o On-line, Noticias de Cascais, Noticias de Sintra, Noticias de Lisboa, Videos, Reportagen\",\"potentialAction\":[{\"@type\":\"SearchAction\",\"target\":{\"@type\":\"EntryPoint\",\"urlTemplate\":\"https:\\\/\\\/www.tvportugal.tv\\\/portal\\\/?s={search_term_string}\"},\"query-input\":{\"@type\":\"PropertyValueSpecification\",\"valueRequired\":true,\"valueName\":\"search_term_string\"}}],\"inLanguage\":\"pt-PT\"}]}<\/script>\n<!-- \/ Yoast SEO plugin. -->","yoast_head_json":{"title":"ESTATUTO EDITORIAL - TV Portugal - Televis\u00e3o - Cascais - Sintra - Oeiras - Lisboa - Noticias","robots":{"index":"index","follow":"follow","max-snippet":"max-snippet:-1","max-image-preview":"max-image-preview:large","max-video-preview":"max-video-preview:-1"},"canonical":"https:\/\/www.tvportugal.tv\/portal\/estatuto-editorial-tv-portugal-televisao-regional\/","og_locale":"pt_PT","og_type":"article","og_title":"ESTATUTO EDITORIAL - TV Portugal - Televis\u00e3o - Cascais - Sintra - Oeiras - Lisboa - Noticias","og_description":"[vc_row][vc_column][vc_column_text]1. A TV PORTUGAL \u00e9 um canal de informa\u00e7\u00e3o independente, pluralista e multim\u00e9dia acess\u00edvel na World Wide Web atrav\u00e9s do endere\u00e7o http:\/\/www.tvportugal.tv\/ 2. A TV PORTUGAL tem como objetivos promover informa\u00e7\u00e3o sobre Portugal, dignificando os portugueses, mas promovendo iniciativas interculturais com todos os\u00a0que escolheram Portugal para viver e trabalhar, desde [\u2026]","og_url":"https:\/\/www.tvportugal.tv\/portal\/estatuto-editorial-tv-portugal-televisao-regional\/","og_site_name":"TV Portugal - Televis\u00e3o - Cascais - Sintra - Oeiras - Lisboa - Noticias","article_modified_time":"2016-10-29T00:04:17+00:00","twitter_card":"summary_large_image","twitter_misc":{"Tempo estimado de leitura":"1 minuto"},"schema":{"@context":"https:\/\/schema.org","@graph":[{"@type":"WebPage","@id":"https:\/\/www.tvportugal.tv\/portal\/estatuto-editorial-tv-portugal-televisao-regional\/","url":"https:\/\/www.tvportugal.tv\/portal\/estatuto-editorial-tv-portugal-televisao-regional\/","name":"ESTATUTO EDITORIAL - TV Portugal - Televis\u00e3o - Cascais - Sintra - Oeiras - Lisboa - Noticias","isPartOf":{"@id":"https:\/\/www.tvportugal.tv\/portal\/#website"},"datePublished":"2016-10-29T00:02:58+00:00","dateModified":"2016-10-29T00:04:17+00:00","breadcrumb":{"@id":"https:\/\/www.tvportugal.tv\/portal\/estatuto-editorial-tv-portugal-televisao-regional\/#breadcrumb"},"inLanguage":"pt-PT","potentialAction":[{"@type":"ReadAction","target":["https:\/\/www.tvportugal.tv\/portal\/estatuto-editorial-tv-portugal-televisao-regional\/"]}]},{"@type":"BreadcrumbList","@id":"https:\/\/www.tvportugal.tv\/portal\/estatuto-editorial-tv-portugal-televisao-regional\/#breadcrumb","itemListElement":[{"@type":"ListItem","position":1,"name":"In\u00edcio","item":"https:\/\/www.tvportugal.tv\/portal\/"},{"@type":"ListItem","position":2,"name":"ESTATUTO EDITORIAL"}]},{"@type":"WebSite","@id":"https:\/\/www.tvportugal.tv\/portal\/#website","url":"https:\/\/www.tvportugal.tv\/portal\/","name":"TV Portugal - Televis\u00e3o - Cascais - Sintra - Oeiras - Lisboa - Noticias","description":"Televis\u00e3o Cascais, Televis\u00e3o Estoril, Tv Web com produ\u00e7\u00e3o pr\u00f3pria da Regi\u00e3o de Lisboa, Televis\u00e3o On-line, Noticias de Cascais, Noticias de Sintra, Noticias de Lisboa, Videos, Reportagen","potentialAction":[{"@type":"SearchAction","target":{"@type":"EntryPoint","urlTemplate":"https:\/\/www.tvportugal.tv\/portal\/?s={search_term_string}"},"query-input":{"@type":"PropertyValueSpecification","valueRequired":true,"valueName":"search_term_string"}}],"inLanguage":"pt-PT"}]}},"_links":{"self":[{"href":"https:\/\/www.tvportugal.tv\/portal\/wp-json\/wp\/v2\/pages\/3233","targetHints":{"allow":["GET"]}}],"collection":[{"href":"https:\/\/www.tvportugal.tv\/portal\/wp-json\/wp\/v2\/pages"}],"about":[{"href":"https:\/\/www.tvportugal.tv\/portal\/wp-json\/wp\/v2\/types\/page"}],"author":[{"embeddable":true,"href":"https:\/\/www.tvportugal.tv\/portal\/wp-json\/wp\/v2\/users\/1"}],"replies":[{"embeddable":true,"href":"https:\/\/www.tvportugal.tv\/portal\/wp-json\/wp\/v2\/comments?post=3233"}],"version-history":[{"count":1,"href":"https:\/\/www.tvportugal.tv\/portal\/wp-json\/wp\/v2\/pages\/3233\/revisions"}],"predecessor-version":[{"id":3234,"href":"https:\/\/www.tvportugal.tv\/portal\/wp-json\/wp\/v2\/pages\/3233\/revisions\/3234"}],"wp:attachment":[{"href":"https:\/\/www.tvportugal.tv\/portal\/wp-json\/wp\/v2\/media?parent=3233"}],"curies":[{"name":"wp","href":"https:\/\/api.w.org\/{rel}","templated":true}]}}

<p>[vc_row][vc_column][vc_column_text]1. A TV PORTUGAL é um canal de informação independente, pluralista e multimédia acessível na World Wide Web através do endereço http://www.tvportugal.tv/</p>
<p>2. A TV PORTUGAL tem como objetivos promover informação sobre Portugal, dignificando os portugueses, mas promovendo iniciativas interculturais com todos os que escolheram Portugal para viver e trabalhar, desde o Leste da Europa ao Oriente e da América-latina a África.</p>
<p>3. A TV PORTUGAL contribui para o reconhecimento e a valorização da comunidade em que se insere, encontrando-se aberta à participação de quem partilhe iguais objetivos</p>
<p>4. A TV PORTUGAL orienta-se pelos princípios da independência e diversidade informativa, com observação dos valores éticos e deontológicos universalmente reconhecidos.</p>
<p>5. A TV PORTUGAL abraça o direito à liberdade de expressão mas defendendo a reserva da vida privada dos cidadãos e rejeitando o sensacionalismo.</p>
<p>6. A TV PORTUGAL repudia a publicação de informação ou comentários discriminatórios, sejam xenófobos, homofóbicos, racistas, totalitaristas ou quaisquer outros.</p>
<p>7. A TV PORTUGAL privilegia o diálogo com os webespetadores, estimulando a sua participação, não obstante reservar-se o direito de intervir sempre que julgue necessário, nomeadamente quando se verifique violação dos estatutos.</p>
<p>8. A TV PORTUGAL é concebida no quadro das definições do presente Estatuto Editorial.[/vc_column_text][/vc_column][/vc_row]</p>

<p>[vc_row][vc_column][vc_column_text]1. A TV PORTUGAL é um canal de informação independente, pluralista e multimédia acessível na World Wide Web através do endereço http://www.tvportugal.tv/ 2. A TV PORTUGAL tem como objetivos promover informação sobre Portugal, dignificando os portugueses, mas promovendo iniciativas interculturais com todos os que escolheram Portugal para viver e trabalhar, desde<span class="excerpt-hellip"> […]</span></p>

<!-- This site is optimized with the Yoast SEO plugin v27.4 - https://yoast.com/product/yoast-seo-wordpress/ -->
<title>ESTATUTO EDITORIAL - TV Portugal - Televisão - Cascais - Sintra - Oeiras - Lisboa - Noticias</title>
<meta name="robots" content="index, follow, max-snippet:-1, max-image-preview:large, max-video-preview:-1" />
<link rel="canonical" href="https://www.tvportugal.tv/portal/estatuto-editorial-tv-portugal-televisao-regional/" />
<meta property="og:locale" content="pt_PT" />
<meta property="og:type" content="article" />
<meta property="og:title" content="ESTATUTO EDITORIAL - TV Portugal - Televisão - Cascais - Sintra - Oeiras - Lisboa - Noticias" />
<meta property="og:description" content="[vc_row][vc_column][vc_column_text]1. A TV PORTUGAL é um canal de informação independente, pluralista e multimédia acessível na World Wide Web através do endereço http://www.tvportugal.tv/ 2. A TV PORTUGAL tem como objetivos promover informação sobre Portugal, dignificando os portugueses, mas promovendo iniciativas interculturais com todos os que escolheram Portugal para viver e trabalhar, desde […]" />
<meta property="og:url" content="https://www.tvportugal.tv/portal/estatuto-editorial-tv-portugal-televisao-regional/" />
<meta property="og:site_name" content="TV Portugal - Televisão - Cascais - Sintra - Oeiras - Lisboa - Noticias" />
<meta property="article:modified_time" content="2016-10-29T00:04:17+00:00" />
<meta name="twitter:card" content="summary_large_image" />
<meta name="twitter:label1" content="Tempo estimado de leitura" />
	<meta name="twitter:data1" content="1 minuto" />
<script type="application/ld+json" class="yoast-schema-graph">{"@context":"https:\/\/schema.org","@graph":[{"@type":"WebPage","@id":"https:\/\/www.tvportugal.tv\/portal\/estatuto-editorial-tv-portugal-televisao-regional\/","url":"https:\/\/www.tvportugal.tv\/portal\/estatuto-editorial-tv-portugal-televisao-regional\/","name":"ESTATUTO EDITORIAL - TV Portugal - Televisão - Cascais - Sintra - Oeiras - Lisboa - Noticias","isPartOf":{"@id":"https:\/\/www.tvportugal.tv\/portal\/#website"},"datePublished":"2016-10-29T00:02:58+00:00","dateModified":"2016-10-29T00:04:17+00:00","breadcrumb":{"@id":"https:\/\/www.tvportugal.tv\/portal\/estatuto-editorial-tv-portugal-televisao-regional\/#breadcrumb"},"inLanguage":"pt-PT","potentialAction":[{"@type":"ReadAction","target":["https:\/\/www.tvportugal.tv\/portal\/estatuto-editorial-tv-portugal-televisao-regional\/"]}]},{"@type":"BreadcrumbList","@id":"https:\/\/www.tvportugal.tv\/portal\/estatuto-editorial-tv-portugal-televisao-regional\/#breadcrumb","itemListElement":[{"@type":"ListItem","position":1,"name":"Início","item":"https:\/\/www.tvportugal.tv\/portal\/"},{"@type":"ListItem","position":2,"name":"ESTATUTO EDITORIAL"}]},{"@type":"WebSite","@id":"https:\/\/www.tvportugal.tv\/portal\/#website","url":"https:\/\/www.tvportugal.tv\/portal\/","name":"TV Portugal - Televisão - Cascais - Sintra - Oeiras - Lisboa - Noticias","description":"Televisão Cascais, Televisão Estoril, Tv Web com produção própria da Região de Lisboa, Televisão On-line, Noticias de Cascais, Noticias de Sintra, Noticias de Lisboa, Videos, Reportagen","potentialAction":[{"@type":"SearchAction","target":{"@type":"EntryPoint","urlTemplate":"https:\/\/www.tvportugal.tv\/portal\/?s={search_term_string}"},"query-input":{"@type":"PropertyValueSpecification","valueRequired":true,"valueName":"search_term_string"}}],"inLanguage":"pt-PT"}]}</script>
<!-- / Yoast SEO plugin. -->

ESTATUTO EDITORIAL - TV Portugal - Televisão - Cascais - Sintra - Oeiras - Lisboa - Noticias

[vc_row][vc_column][vc_column_text]1. A TV PORTUGAL é um canal de informação independente, pluralista e multimédia acessível na World Wide Web através do endereço http://www.tvportugal.tv/ 2. A TV PORTUGAL tem como objetivos promover informação sobre Portugal, dignificando os portugueses, mas promovendo iniciativas interculturais com todos os que escolheram Portugal para viver e trabalhar, desde […]

TV Portugal - Televisão - Cascais - Sintra - Oeiras - Lisboa - Noticias

Início

Televisão Cascais, Televisão Estoril, Tv Web com produção própria da Região de Lisboa, Televisão On-line, Noticias de Cascais, Noticias de Sintra, Noticias de Lisboa, Videos, Reportagen
