{"id":3176,"date":"2016-10-28T00:13:44","date_gmt":"2016-10-28T00:13:44","guid":{"rendered":"http:\/\/www.tvportugal.tv\/portal\/?page_id=3176"},"modified":"2023-01-26T21:29:42","modified_gmt":"2023-01-26T21:29:42","slug":"contactos","status":"publish","type":"page","link":"https:\/\/www.tvportugal.tv\/portal\/contactos\/","title":{"rendered":"CONTACTOS"},"content":{"rendered":"<p>[vc_row][vc_column][vc_column_text]<\/p>\n<h2>TV Portugal<\/h2>\n<p>N\u00ba.Registo ERC 126405<\/p>\n<h2>Propriedade:<\/h2>\n<p>Ant\u00f3nio Joaquim Pereira da Assun\u00e7\u00e3o&nbsp;NIF: 135395461<br \/>\n<strong>Sede da Reda\u00e7\u00e3o e Editor:<\/strong><br \/>\nBeco dos Bogueiros, N\u00ba.18<br \/>\nAmoreira<br \/>\n2645-172 Alcabideche<\/p>\n<h2>Contactos:<\/h2>\n<p>assuncao@tvportugal.tv<br \/>\ngeral@tvportugal.tv<br \/>\nTelem\u00f3vel 968030806 (Chamada para rede m\u00f3vel nacional)<br \/>\n<strong>Director e Editor:<\/strong><br \/>\nAnt\u00f3nio Joaquim Pereira da Assun\u00e7\u00e3o<\/p>\n<h2>Ficha T\u00e9cnica:<\/h2>\n<p><strong>Ant\u00f3nio Assun\u00e7\u00e3o<\/strong> \u2013 Jornalista\/Operador e Editor de Imagem<br \/>\n<strong>Reginaldo Rodrigues de Almeida<\/strong> \u2013 Jornalista<br \/>\n<strong>Rodrigo Carreira<\/strong> \u2013 Operador e Editor de Imagem<br \/>\n<strong>Guilherme Rodrigues<\/strong> \u2013 Operador de Imagem<br \/>\n<strong>Rui Eus\u00e9bio<\/strong> \u2013 Produtor e Comercial<br \/>\n<strong>Rita Alexandra Eus\u00e9bio<\/strong> \u2013 Recursos Humanos<br \/>\n<strong>Fernando Gra\u00e7a<\/strong> \u2013 Web Designer[\/vc_column_text][\/vc_column][\/vc_row]<\/p>\n","protected":false},"excerpt":{"rendered":"<p>[vc_row][vc_column][vc_column_text] TV Portugal N\u00ba.Registo ERC 126405 Propriedade: Ant\u00f3nio Joaquim Pereira da Assun\u00e7\u00e3o&nbsp;NIF: 135395461 Sede da Reda\u00e7\u00e3o e Editor: Beco dos Bogueiros, N\u00ba.18 Amoreira 2645-172 Alcabideche Contactos: assuncao@tvportugal.tv geral@tvportugal.tv Telem\u00f3vel 968030806 (Chamada para rede m\u00f3vel nacional) Director e Editor: Ant\u00f3nio Joaquim Pereira da Assun\u00e7\u00e3o Ficha T\u00e9cnica: Ant\u00f3nio Assun\u00e7\u00e3o \u2013 Jornalista\/Operador e<span class=\"excerpt-hellip\"> [\u2026]<\/span><\/p>\n","protected":false},"author":1,"featured_media":0,"parent":0,"menu_order":0,"comment_status":"closed","ping_status":"closed","template":"","meta":{"footnotes":""},"class_list":["post-3176","page","type-page","status-publish","hentry"],"yoast_head":"<!-- This site is optimized with the Yoast SEO plugin v27.4 - https:\/\/yoast.com\/product\/yoast-seo-wordpress\/ -->\n<title>CONTACTOS - TV Portugal - Televis\u00e3o - Cascais - Sintra - Oeiras - Lisboa - Noticias<\/title>\n<meta name=\"robots\" content=\"index, follow, max-snippet:-1, max-image-preview:large, max-video-preview:-1\" \/>\n<link rel=\"canonical\" href=\"https:\/\/www.tvportugal.tv\/portal\/contactos\/\" \/>\n<meta property=\"og:locale\" content=\"pt_PT\" \/>\n<meta property=\"og:type\" content=\"article\" \/>\n<meta property=\"og:title\" content=\"CONTACTOS - TV Portugal - Televis\u00e3o - Cascais - Sintra - Oeiras - Lisboa - Noticias\" \/>\n<meta property=\"og:description\" content=\"[vc_row][vc_column][vc_column_text] TV Portugal N\u00ba.Registo ERC 126405 Propriedade: Ant\u00f3nio Joaquim Pereira da Assun\u00e7\u00e3o&nbsp;NIF: 135395461 Sede da Reda\u00e7\u00e3o e Editor: Beco dos Bogueiros, N\u00ba.18 Amoreira 2645-172 Alcabideche Contactos: assuncao@tvportugal.tv geral@tvportugal.tv Telem\u00f3vel 968030806 (Chamada para rede m\u00f3vel nacional) Director e Editor: Ant\u00f3nio Joaquim Pereira da Assun\u00e7\u00e3o Ficha T\u00e9cnica: Ant\u00f3nio Assun\u00e7\u00e3o \u2013 Jornalista\/Operador e [\u2026]\" \/>\n<meta property=\"og:url\" content=\"https:\/\/www.tvportugal.tv\/portal\/contactos\/\" \/>\n<meta property=\"og:site_name\" content=\"TV Portugal - Televis\u00e3o - Cascais - Sintra - Oeiras - Lisboa - Noticias\" \/>\n<meta property=\"article:modified_time\" content=\"2023-01-26T21:29:42+00:00\" \/>\n<meta name=\"twitter:card\" content=\"summary_large_image\" \/>\n<meta name=\"twitter:label1\" content=\"Tempo estimado de leitura\" \/>\n\t<meta name=\"twitter:data1\" content=\"1 minuto\" \/>\n<script type=\"application\/ld+json\" class=\"yoast-schema-graph\">{\"@context\":\"https:\\\/\\\/schema.org\",\"@graph\":[{\"@type\":\"WebPage\",\"@id\":\"https:\\\/\\\/www.tvportugal.tv\\\/portal\\\/contactos\\\/\",\"url\":\"https:\\\/\\\/www.tvportugal.tv\\\/portal\\\/contactos\\\/\",\"name\":\"CONTACTOS - TV Portugal - Televis\u00e3o - Cascais - Sintra - Oeiras - Lisboa - Noticias\",\"isPartOf\":{\"@id\":\"https:\\\/\\\/www.tvportugal.tv\\\/portal\\\/#website\"},\"datePublished\":\"2016-10-28T00:13:44+00:00\",\"dateModified\":\"2023-01-26T21:29:42+00:00\",\"breadcrumb\":{\"@id\":\"https:\\\/\\\/www.tvportugal.tv\\\/portal\\\/contactos\\\/#breadcrumb\"},\"inLanguage\":\"pt-PT\",\"potentialAction\":[{\"@type\":\"ReadAction\",\"target\":[\"https:\\\/\\\/www.tvportugal.tv\\\/portal\\\/contactos\\\/\"]}]},{\"@type\":\"BreadcrumbList\",\"@id\":\"https:\\\/\\\/www.tvportugal.tv\\\/portal\\\/contactos\\\/#breadcrumb\",\"itemListElement\":[{\"@type\":\"ListItem\",\"position\":1,\"name\":\"In\u00edcio\",\"item\":\"https:\\\/\\\/www.tvportugal.tv\\\/portal\\\/\"},{\"@type\":\"ListItem\",\"position\":2,\"name\":\"CONTACTOS\"}]},{\"@type\":\"WebSite\",\"@id\":\"https:\\\/\\\/www.tvportugal.tv\\\/portal\\\/#website\",\"url\":\"https:\\\/\\\/www.tvportugal.tv\\\/portal\\\/\",\"name\":\"TV Portugal - Televis\u00e3o - Cascais - Sintra - Oeiras - Lisboa - Noticias\",\"description\":\"Televis\u00e3o Cascais, Televis\u00e3o Estoril, Tv Web com produ\u00e7\u00e3o pr\u00f3pria da Regi\u00e3o de Lisboa, Televis\u00e3o On-line, Noticias de Cascais, Noticias de Sintra, Noticias de Lisboa, Videos, Reportagen\",\"potentialAction\":[{\"@type\":\"SearchAction\",\"target\":{\"@type\":\"EntryPoint\",\"urlTemplate\":\"https:\\\/\\\/www.tvportugal.tv\\\/portal\\\/?s={search_term_string}\"},\"query-input\":{\"@type\":\"PropertyValueSpecification\",\"valueRequired\":true,\"valueName\":\"search_term_string\"}}],\"inLanguage\":\"pt-PT\"}]}<\/script>\n<!-- \/ Yoast SEO plugin. -->","yoast_head_json":{"title":"CONTACTOS - TV Portugal - Televis\u00e3o - Cascais - Sintra - Oeiras - Lisboa - Noticias","robots":{"index":"index","follow":"follow","max-snippet":"max-snippet:-1","max-image-preview":"max-image-preview:large","max-video-preview":"max-video-preview:-1"},"canonical":"https:\/\/www.tvportugal.tv\/portal\/contactos\/","og_locale":"pt_PT","og_type":"article","og_title":"CONTACTOS - TV Portugal - Televis\u00e3o - Cascais - Sintra - Oeiras - Lisboa - Noticias","og_description":"[vc_row][vc_column][vc_column_text] TV Portugal N\u00ba.Registo ERC 126405 Propriedade: Ant\u00f3nio Joaquim Pereira da Assun\u00e7\u00e3o&nbsp;NIF: 135395461 Sede da Reda\u00e7\u00e3o e Editor: Beco dos Bogueiros, N\u00ba.18 Amoreira 2645-172 Alcabideche Contactos: assuncao@tvportugal.tv geral@tvportugal.tv Telem\u00f3vel 968030806 (Chamada para rede m\u00f3vel nacional) Director e Editor: Ant\u00f3nio Joaquim Pereira da Assun\u00e7\u00e3o Ficha T\u00e9cnica: Ant\u00f3nio Assun\u00e7\u00e3o \u2013 Jornalista\/Operador e [\u2026]","og_url":"https:\/\/www.tvportugal.tv\/portal\/contactos\/","og_site_name":"TV Portugal - Televis\u00e3o - Cascais - Sintra - Oeiras - Lisboa - Noticias","article_modified_time":"2023-01-26T21:29:42+00:00","twitter_card":"summary_large_image","twitter_misc":{"Tempo estimado de leitura":"1 minuto"},"schema":{"@context":"https:\/\/schema.org","@graph":[{"@type":"WebPage","@id":"https:\/\/www.tvportugal.tv\/portal\/contactos\/","url":"https:\/\/www.tvportugal.tv\/portal\/contactos\/","name":"CONTACTOS - TV Portugal - Televis\u00e3o - Cascais - Sintra - Oeiras - Lisboa - Noticias","isPartOf":{"@id":"https:\/\/www.tvportugal.tv\/portal\/#website"},"datePublished":"2016-10-28T00:13:44+00:00","dateModified":"2023-01-26T21:29:42+00:00","breadcrumb":{"@id":"https:\/\/www.tvportugal.tv\/portal\/contactos\/#breadcrumb"},"inLanguage":"pt-PT","potentialAction":[{"@type":"ReadAction","target":["https:\/\/www.tvportugal.tv\/portal\/contactos\/"]}]},{"@type":"BreadcrumbList","@id":"https:\/\/www.tvportugal.tv\/portal\/contactos\/#breadcrumb","itemListElement":[{"@type":"ListItem","position":1,"name":"In\u00edcio","item":"https:\/\/www.tvportugal.tv\/portal\/"},{"@type":"ListItem","position":2,"name":"CONTACTOS"}]},{"@type":"WebSite","@id":"https:\/\/www.tvportugal.tv\/portal\/#website","url":"https:\/\/www.tvportugal.tv\/portal\/","name":"TV Portugal - Televis\u00e3o - Cascais - Sintra - Oeiras - Lisboa - Noticias","description":"Televis\u00e3o Cascais, Televis\u00e3o Estoril, Tv Web com produ\u00e7\u00e3o pr\u00f3pria da Regi\u00e3o de Lisboa, Televis\u00e3o On-line, Noticias de Cascais, Noticias de Sintra, Noticias de Lisboa, Videos, Reportagen","potentialAction":[{"@type":"SearchAction","target":{"@type":"EntryPoint","urlTemplate":"https:\/\/www.tvportugal.tv\/portal\/?s={search_term_string}"},"query-input":{"@type":"PropertyValueSpecification","valueRequired":true,"valueName":"search_term_string"}}],"inLanguage":"pt-PT"}]}},"_links":{"self":[{"href":"https:\/\/www.tvportugal.tv\/portal\/wp-json\/wp\/v2\/pages\/3176","targetHints":{"allow":["GET"]}}],"collection":[{"href":"https:\/\/www.tvportugal.tv\/portal\/wp-json\/wp\/v2\/pages"}],"about":[{"href":"https:\/\/www.tvportugal.tv\/portal\/wp-json\/wp\/v2\/types\/page"}],"author":[{"embeddable":true,"href":"https:\/\/www.tvportugal.tv\/portal\/wp-json\/wp\/v2\/users\/1"}],"replies":[{"embeddable":true,"href":"https:\/\/www.tvportugal.tv\/portal\/wp-json\/wp\/v2\/comments?post=3176"}],"version-history":[{"count":7,"href":"https:\/\/www.tvportugal.tv\/portal\/wp-json\/wp\/v2\/pages\/3176\/revisions"}],"predecessor-version":[{"id":7709,"href":"https:\/\/www.tvportugal.tv\/portal\/wp-json\/wp\/v2\/pages\/3176\/revisions\/7709"}],"wp:attachment":[{"href":"https:\/\/www.tvportugal.tv\/portal\/wp-json\/wp\/v2\/media?parent=3176"}],"curies":[{"name":"wp","href":"https:\/\/api.w.org\/{rel}","templated":true}]}}

<p>[vc_row][vc_column][vc_column_text]</p>
<h2>TV Portugal</h2>
<p>Nº.Registo ERC 126405</p>
<h2>Propriedade:</h2>
<p>António Joaquim Pereira da Assunção&nbsp;NIF: 135395461<br />
<strong>Sede da Redação e Editor:</strong><br />
Beco dos Bogueiros, Nº.18<br />
Amoreira<br />
2645-172 Alcabideche</p>
<h2>Contactos:</h2>
<p>assuncao@tvportugal.tv<br />
geral@tvportugal.tv<br />
Telemóvel 968030806 (Chamada para rede móvel nacional)<br />
<strong>Director e Editor:</strong><br />
António Joaquim Pereira da Assunção</p>
<h2>Ficha Técnica:</h2>
<p><strong>António Assunção</strong> – Jornalista/Operador e Editor de Imagem<br />
<strong>Reginaldo Rodrigues de Almeida</strong> – Jornalista<br />
<strong>Rodrigo Carreira</strong> – Operador e Editor de Imagem<br />
<strong>Guilherme Rodrigues</strong> – Operador de Imagem<br />
<strong>Rui Eusébio</strong> – Produtor e Comercial<br />
<strong>Rita Alexandra Eusébio</strong> – Recursos Humanos<br />
<strong>Fernando Graça</strong> – Web Designer[/vc_column_text][/vc_column][/vc_row]</p>

<p>[vc_row][vc_column][vc_column_text] TV Portugal Nº.Registo ERC 126405 Propriedade: António Joaquim Pereira da Assunção&nbsp;NIF: 135395461 Sede da Redação e Editor: Beco dos Bogueiros, Nº.18 Amoreira 2645-172 Alcabideche Contactos: assuncao@tvportugal.tv geral@tvportugal.tv Telemóvel 968030806 (Chamada para rede móvel nacional) Director e Editor: António Joaquim Pereira da Assunção Ficha Técnica: António Assunção – Jornalista/Operador e<span class="excerpt-hellip"> […]</span></p>

<!-- This site is optimized with the Yoast SEO plugin v27.4 - https://yoast.com/product/yoast-seo-wordpress/ -->
<title>CONTACTOS - TV Portugal - Televisão - Cascais - Sintra - Oeiras - Lisboa - Noticias</title>
<meta name="robots" content="index, follow, max-snippet:-1, max-image-preview:large, max-video-preview:-1" />
<link rel="canonical" href="https://www.tvportugal.tv/portal/contactos/" />
<meta property="og:locale" content="pt_PT" />
<meta property="og:type" content="article" />
<meta property="og:title" content="CONTACTOS - TV Portugal - Televisão - Cascais - Sintra - Oeiras - Lisboa - Noticias" />
<meta property="og:description" content="[vc_row][vc_column][vc_column_text] TV Portugal Nº.Registo ERC 126405 Propriedade: António Joaquim Pereira da Assunção&nbsp;NIF: 135395461 Sede da Redação e Editor: Beco dos Bogueiros, Nº.18 Amoreira 2645-172 Alcabideche Contactos: assuncao@tvportugal.tv geral@tvportugal.tv Telemóvel 968030806 (Chamada para rede móvel nacional) Director e Editor: António Joaquim Pereira da Assunção Ficha Técnica: António Assunção – Jornalista/Operador e […]" />
<meta property="og:url" content="https://www.tvportugal.tv/portal/contactos/" />
<meta property="og:site_name" content="TV Portugal - Televisão - Cascais - Sintra - Oeiras - Lisboa - Noticias" />
<meta property="article:modified_time" content="2023-01-26T21:29:42+00:00" />
<meta name="twitter:card" content="summary_large_image" />
<meta name="twitter:label1" content="Tempo estimado de leitura" />
	<meta name="twitter:data1" content="1 minuto" />
<script type="application/ld+json" class="yoast-schema-graph">{"@context":"https:\/\/schema.org","@graph":[{"@type":"WebPage","@id":"https:\/\/www.tvportugal.tv\/portal\/contactos\/","url":"https:\/\/www.tvportugal.tv\/portal\/contactos\/","name":"CONTACTOS - TV Portugal - Televisão - Cascais - Sintra - Oeiras - Lisboa - Noticias","isPartOf":{"@id":"https:\/\/www.tvportugal.tv\/portal\/#website"},"datePublished":"2016-10-28T00:13:44+00:00","dateModified":"2023-01-26T21:29:42+00:00","breadcrumb":{"@id":"https:\/\/www.tvportugal.tv\/portal\/contactos\/#breadcrumb"},"inLanguage":"pt-PT","potentialAction":[{"@type":"ReadAction","target":["https:\/\/www.tvportugal.tv\/portal\/contactos\/"]}]},{"@type":"BreadcrumbList","@id":"https:\/\/www.tvportugal.tv\/portal\/contactos\/#breadcrumb","itemListElement":[{"@type":"ListItem","position":1,"name":"Início","item":"https:\/\/www.tvportugal.tv\/portal\/"},{"@type":"ListItem","position":2,"name":"CONTACTOS"}]},{"@type":"WebSite","@id":"https:\/\/www.tvportugal.tv\/portal\/#website","url":"https:\/\/www.tvportugal.tv\/portal\/","name":"TV Portugal - Televisão - Cascais - Sintra - Oeiras - Lisboa - Noticias","description":"Televisão Cascais, Televisão Estoril, Tv Web com produção própria da Região de Lisboa, Televisão On-line, Noticias de Cascais, Noticias de Sintra, Noticias de Lisboa, Videos, Reportagen","potentialAction":[{"@type":"SearchAction","target":{"@type":"EntryPoint","urlTemplate":"https:\/\/www.tvportugal.tv\/portal\/?s={search_term_string}"},"query-input":{"@type":"PropertyValueSpecification","valueRequired":true,"valueName":"search_term_string"}}],"inLanguage":"pt-PT"}]}</script>
<!-- / Yoast SEO plugin. -->

CONTACTOS - TV Portugal - Televisão - Cascais - Sintra - Oeiras - Lisboa - Noticias

[vc_row][vc_column][vc_column_text] TV Portugal Nº.Registo ERC 126405 Propriedade: António Joaquim Pereira da Assunção&nbsp;NIF: 135395461 Sede da Redação e Editor: Beco dos Bogueiros, Nº.18 Amoreira 2645-172 Alcabideche Contactos: assuncao@tvportugal.tv geral@tvportugal.tv Telemóvel 968030806 (Chamada para rede móvel nacional) Director e Editor: António Joaquim Pereira da Assunção Ficha Técnica: António Assunção – Jornalista/Operador e […]

TV Portugal - Televisão - Cascais - Sintra - Oeiras - Lisboa - Noticias

Início

Televisão Cascais, Televisão Estoril, Tv Web com produção própria da Região de Lisboa, Televisão On-line, Noticias de Cascais, Noticias de Sintra, Noticias de Lisboa, Videos, Reportagen
